162 and 6?
6
Calculate the highest common factor of 518454 and 4.
2
Calculate the greatest common factor of 8430 and 21750.
30
Calculate the greatest common divisor of 44 and 30844.
44
What is the greatest common factor of 2890 and 361828?
578
Calculate the highest common divisor of 542168 and 3904.
488
Calculate the greatest common factor of 42 and 10402.
14
Calculate the greatest common divisor of 184 and 259992.
184
Calculate the greatest common divisor of 826471 and 29.
29
Calculate the highest common factor of 688 and 353632.
688
What is the greatest common divisor of 60865 and 545195?
1295
Calculate the highest common factor of 2626 and 4646.
202
What is the greatest common factor of 554160 and 24?
24
What is the greatest common factor of 30 and 73635?
15
What is the highest common divisor of 604576 and 96?
32
What is the highest common factor of 2193 and 63167?
43
What is the greatest common factor of 17572 and 60356?
764
Calculate the highest common factor of 11563 and 1023.
31
Calculate the highest common factor of 4 and 250604.
4
What is the highest common divisor of 86265 and 1775?
355
What is the greatest common factor of 13580 and 16310?
70
Calculate the highest common factor of 47330 and 80.
10
What is the greatest common divisor of 912 and 310384?
304
What is the highest common factor of 47 and 675343?
47
Calculate the highest common divisor of 1123160 and 516.
172
Calculate the highest common divisor of 1082457 and 2115.
423
Calculate the highest common divisor of 841776 and 1248.
624
Calculate the greatest common factor of 14900 and 198468.
596
Calculate the greatest common divisor of 772584 and 648.
24
Calculate the highest common factor of 256 and 282736.
16
What is the highest common divisor of 9 and 74367?
9
Calculate the greatest common factor of 41048 and 1175732.
2932
What is the highest common factor of 4879 and 49385?
119
What is the highest common factor of 536 and 56?
8
Calculate the greatest common factor of 261 and 870.
87
What is the highest common factor of 89840 and 2560?
80
What is the greatest common factor of 4420400 and 3084?
1028
Calculate the highest common divisor of 27152 and 16.
16
What is the greatest common divisor of 1751633 and 13?
13
Calculate the greatest common factor of 729466 and 58.
58
What is the highest common factor of 147584 and 128?
128
Calculate the highest common divisor of 12455 and 2585.
235
What is the greatest common divisor of 475 and 347605?
95
Calculate the greatest common factor of 38 and 8693507.
19
Calculate the greatest common divisor of 18 and 153756.
18
Calculate the greatest common divisor of 1311960 and 377.
377
Calculate the highest common factor of 6300 and 960.
60
What is the greatest common divisor of 845190 and 45?
45
Calculate the greatest common divisor of 410 and 91225.
205
What is the greatest common factor of 184 and 21068?
92
What is the greatest common factor of 4466 and 161?
7
Calculate the greatest common factor of 94506 and 5529.
57
What is the greatest common factor of 4542 and 168?
6
What is the greatest common factor of 3630 and 720?
30
What is the highest common divisor of 176 and 643192?
88
Calculate the greatest common factor of 594576 and 144.
144
Calculate the greatest common factor of 74796 and 6.
6
What is the highest common factor of 14 and 69328?
14
Calculate the highest common factor of 3060 and 14580.
180
Calculate the greatest common factor of 90 and 1450.
10
Calculate the highest common divisor of 477 and 5459.
53
What is the greatest common factor of 3108 and 104784?
444
Calculate the greatest common divisor of 127966 and 6322.
218
What is the greatest common divisor of 18 and 2690838?
18
Calculate the highest common divisor of 259298 and 338.
26
Calculate the highest common divisor of 15249 and 12.
3
What is the greatest common factor of 2036424 and 39?
39
What is the greatest common factor of 1386243 and 9?
9
What is the greatest common factor of 72 and 65712?
24
Calculate the highest common divisor of 11080 and 9141.
277
What is the highest common divisor of 25 and 88985?
5
What is the highest common factor of 45 and 110715?
15
Calculate the greatest common divisor of 110 and 316734.
22
What is the greatest common factor of 114471 and 8848?
553
Calculate the highest common factor of 15 and 4483.
1
Calculate the highest common divisor of 456 and 53979.
57
What is the highest common factor of 378 and 123858?
126
Calculate the highest common divisor of 592 and 60928.
16
What is the highest common factor of 674576 and 1729?
133
What is the highest common divisor of 695 and 669841?
139
What is the greatest common divisor of 115 and 5335?
5
What is the greatest common divisor of 25461 and 27675?
1107
What is the highest common factor of 582538 and 1?
1
What is the greatest common factor of 1315 and 166479?
263
What is the greatest common factor of 5777 and 11009?
109
Calculate the greatest common divisor of 4302775 and 4737.
1579
Calculate the highest common factor of 109 and 7545089.
109
Calculate the highest common divisor of 135014 and 1938.
646
Calculate the greatest common divisor of 15 and 259245.
15
What is the greatest common factor of 220 and 29980?
20
What is the highest common divisor of 1243 and 484?
11
What is the highest common divisor of 5627 and 85?
17
Calculate the greatest common factor of 174 and 23316.
174
Calculate the highest common factor of 148189 and 69.
23
Calculate the greatest common factor of 1163264 and 3072.
1024
What is the highest common divisor of 164824 and 352?
88
Calculate the highest common factor of 72 and 91566.
18
What is the greatest common divisor of 55 and 902?
11
Calculate the highest common divisor of 628176 and 92.
92
What is the greatest common factor of 62699 and 11501?
371
What is the highest common divisor of 12597 and 9044?
323
What is the highest common factor of 15549 and 639?
213
Calculate the highest common divisor of 173 and 128539.
173
What is the highest common divisor of 1104 and 3600?
48
Calculate the greatest common factor of 84 and 59178.
42
Calculate the greatest common divisor of 646854 and 78.
78
What is the highest common factor of 27 and 266463?
27
Calculate the highest common factor of 72 and 27124.
4
Calculate the greatest common factor of 302610 and 88.
22
What is the greatest common divisor of 1053 and 1781?
13
Calculate the highest common divisor of 322 and 343091.
161
Calculate the highest common divisor of 16304 and 16.
16
What is the highest common factor of 135 and 2020680?
135
What is the highest common divisor of 285 and 24377?
19
Calculate the greatest common divisor of 1514040 and 310.
310
Calculate the greatest common factor of 23790 and 2366.
26
What is the greatest common factor of 519400 and 530?
530
Calculate the greatest common divisor of 241034 and 380.
38
Calculate the highest common factor of 94 and 13959.
47
Calculate the greatest common divisor of 216 and 26652.
12
What is the highest common divisor of 251 and 153612?
251
What is the highest common factor of 817 and 42441?
43
What is the highest common divisor of 64 and 87918?
2
What is the highest common divisor of 7050 and 2850?
150
What is the greatest common divisor of 4475 and 2425?
25
Calculate the highest common factor of 799907 and 29.
29
What is the greatest common divisor of 23754 and 8346?
642
Calculate the highest common factor of 21479 and 1175.
47
What is the highest common divisor of 42 and 4245465?
21
Calculate the highest common divisor of 7909020 and 18.
18
What is the greatest common divisor of 9622 and 17546?
566
What is the highest common divisor of 21075 and 10?
5
Calculate the highest common divisor of 2521736 and 441.
49
Calculate the greatest common factor of 6683427 and 58.
29
Calculate the greatest common factor of 8372 and 2184.
364
What is the highest common divisor of 559496 and 824?
824
Calculate the greatest common factor of 1190 and 3290.
70
What is the highest common divisor of 10700 and 180?
20
Calculate the greatest common factor of 216 and 7608.
24
What is the highest common divisor of 138798 and 3168?
198
Calculate the greatest common factor of 19087 and 19.
1
What is the highest common divisor of 4575 and 5175?
75
What is the greatest common divisor of 325608